{"id":34,"date":"2025-09-15T09:43:41","date_gmt":"2025-09-15T09:43:41","guid":{"rendered":"https:\/\/www.giraud.louisst.o2switch.site\/blog\/?page_id=34"},"modified":"2025-11-05T09:27:38","modified_gmt":"2025-11-05T08:27:38","slug":"mon-projet-professionnel","status":"publish","type":"page","link":"https:\/\/www.giraud.louisst.o2switch.site\/blog\/mon-projet-professionnel\/","title":{"rendered":"Mon projet professionnel\ud83d\udc69\ud83c\udffc\u200d\ud83d\udcbc"},"content":{"rendered":"\n<p>Le BTS (N\u00e9gociation digitalisation relation client )NDRC offre de nombreux d\u00e9bouch\u00e9s professionnels ce en fait une formation int\u00e9ressante pour ceux qui le souhaitent \u00e9voluer dans le commerce ou bien dans le marketing mais aussi la communication.Mon premier objectif est d\u2019obtenir mon dipl\u00f4me BTS afin de conna\u00eetre les base du commerce .Ensuite je souhaiterais continuer mes \u00e9tudes sur un Bachelor international pour am\u00e9liorer mes comp\u00e9tences linguistiques et de m\u2019ouvrir au monde .Une autre possibilit\u00e9 serait une licence professionnelle en commerce ou gestion pour approfondir mes comp\u00e9tences mes comp\u00e9tences et d\u2019acc\u00e9der \u00e0 d\u2019avantage de responsabilit\u00e9s.De plus je souhaiterais apr\u00e8s mon Bachelor int\u00e9gr\u00e9 une \u00e9cole de commerce pour acqu\u00e9rir des comp\u00e9tences en management .Plusieurs m\u00e9tiers m\u2019int\u00e9resse comme business developer ,community manager ou manager de d\u00e9veloppement international. . Ces professions combinent relation humaine, strat\u00e9gie et cr\u00e9ativit\u00e9, des aspects qui me motivent et qui correspondent pleinement \u00e0 mes ambitions professionnelles. Mon projet professionnel est d\u2019\u00e9voluer dans un poste dynamique o\u00f9 je pourrais mettre \u00e0 profit ma cr\u00e9ativit\u00e9, mes qualit\u00e9s relationnelles et mon sens de l\u2019organisation. Je souhaite travailler dans un environnement stimulant, tourn\u00e9 vers le digital et l\u2019international, qui me permettra de progresser, d\u2019apprendre en continu et de m\u2019\u00e9panouir professionnellement.<\/p>\n\n\n\n<figure class=\"wp-block-embed is-type-video is-provider-youtube wp-block-embed-youtube wp-embed-aspect-16-9 wp-has-aspect-ratio\"><div class=\"wp-block-embed__wrapper\">\n<div class=\"ast-oembed-container \" style=\"height: 100%;\"><iframe loading=\"lazy\" title=\"BTS NDRC - N\u00e9gociation et Digitalisation de la Relation Client : programme, d\u00e9bouch\u00e9s, Parcoursup\" width=\"500\" height=\"281\" src=\"https:\/\/www.youtube.com\/embed\/x5fVMXj0_GM?feature=oembed\" frameborder=\"0\" allow=\"accelerometer; autoplay; clipboard-write; encrypted-media; gyroscope; picture-in-picture; web-share\" referrerpolicy=\"strict-origin-when-cross-origin\" allowfullscreen><\/iframe><\/div>\n<\/div><\/figure>\n\n\n\n<p>Si tu souhaites en savoir plus sur mon parcours, mes \u00e9tudes ou \u00e9changer sur le BTS NDRC le formulaire de la page je te laisse aller sur ma page BTS NDRC et si tu as des questions tu peut me laisser un commentaire!<\/p>\n\n\n\n<div class=\"wp-block-uagb-call-to-action uagb-block-c9f764c2 wp-block-button\"><div class=\"uagb-cta__wrap\"><h3 class=\"uagb-cta__title\">Je te laisse cliquer ici <\/h3><p class=\"uagb-cta__desc\"><a href=\"https:\/\/www.giraud.louisst.o2switch.site\/blog\/bts-ndrc\/\">https:\/\/www.giraud.louisst.o2switch.site\/blog\/bts-ndrc\/<\/a><br><\/p><\/div><div class=\"uagb-cta__buttons\"><a href=\"#\" class=\"uagb-cta__button-link-wrapper wp-block-button__link\" target=\"_self\" rel=\"noopener noreferrer\">BTD NDRC<svg xmlns=\"https:\/\/www.w3.org\/2000\/svg\" viewBox=\"0 0 512 512\"><path d=\"M504.3 273.6l-112.1 104c-6.992 6.484-17.18 8.218-25.94 4.406c-8.758-3.812-14.42-12.45-14.42-21.1L351.9 288H32C14.33 288 .0002 273.7 .0002 255.1S14.33 224 32 224h319.9l0-72c0-9.547 5.66-18.19 14.42-22c8.754-3.809 18.95-2.075 25.94 4.41l112.1 104C514.6 247.9 514.6 264.1 504.3 273.6z\"><\/path><\/svg><\/a><\/div><\/div>\n\n\n\n<p><\/p>\n","protected":false},"excerpt":{"rendered":"<p>Le BTS (N\u00e9gociation digitalisation relation client )NDRC offre de nombreux d\u00e9bouch\u00e9s professionnels ce en fait une formation int\u00e9ressante pour ceux [&hellip;]<\/p>\n","protected":false},"author":1,"featured_media":0,"parent":0,"menu_order":0,"comment_status":"closed","ping_status":"closed","template":"","meta":{"_uag_custom_page_level_css":"","site-sidebar-layout":"no-sidebar","site-content-layout":"plain-container","ast-site-content-layout":"default","site-content-style":"default","site-sidebar-style":"default","ast-global-header-display":"","ast-banner-title-visibility":"","ast-main-header-display":"","ast-hfb-above-header-display":"","ast-hfb-below-header-display":"","ast-hfb-mobile-header-display":"","site-post-title":"","ast-breadcrumbs-content":"","ast-featured-img":"","footer-sml-layout":"","theme-transparent-header-meta":"disabled","adv-header-id-meta":"","stick-header-meta":"","header-above-stick-meta":"","header-main-stick-meta":"","header-below-stick-meta":"","astra-migrate-meta-layouts":"default","ast-page-background-enabled":"default","ast-page-background-meta":{"desktop":{"background-color":"var(--ast-global-color-5)","background-image":"","background-repeat":"repeat","background-position":"center center","background-size":"auto","background-attachment":"scroll","background-type":"","background-media":"","overlay-type":"","overlay-color":"","overlay-opacity":"","overlay-gradient":""},"tablet":{"background-color":"","background-image":"","background-repeat":"repeat","background-position":"center center","background-size":"auto","background-attachment":"scroll","background-type":"","background-media":"","overlay-type":"","overlay-color":"","overlay-opacity":"","overlay-gradient":""},"mobile":{"background-color":"","background-image":"","background-repeat":"repeat","background-position":"center center","background-size":"auto","background-attachment":"scroll","background-type":"","background-media":"","overlay-type":"","overlay-color":"","overlay-opacity":"","overlay-gradient":""}},"ast-content-background-meta":{"desktop":{"background-color":"var(--ast-global-color-4)","background-image":"","background-repeat":"repeat","background-position":"center center","background-size":"auto","background-attachment":"scroll","background-type":"","background-media":"","overlay-type":"","overlay-color":"","overlay-opacity":"","overlay-gradient":""},"tablet":{"background-color":"var(--ast-global-color-4)","background-image":"","background-repeat":"repeat","background-position":"center center","background-size":"auto","background-attachment":"scroll","background-type":"","background-media":"","overlay-type":"","overlay-color":"","overlay-opacity":"","overlay-gradient":""},"mobile":{"background-color":"var(--ast-global-color-4)","background-image":"","background-repeat":"repeat","background-position":"center center","background-size":"auto","background-attachment":"scroll","background-type":"","background-media":"","overlay-type":"","overlay-color":"","overlay-opacity":"","overlay-gradient":""}},"footnotes":""},"class_list":["post-34","page","type-page","status-publish","hentry"],"uagb_featured_image_src":{"full":false,"thumbnail":false,"medium":false,"medium_large":false,"large":false,"1536x1536":false,"2048x2048":false},"uagb_author_info":{"display_name":"admin","author_link":"https:\/\/www.giraud.louisst.o2switch.site\/blog\/author\/admin\/"},"uagb_comment_info":0,"uagb_excerpt":"Le BTS (N\u00e9gociation digitalisation relation client )NDRC offre de nombreux d\u00e9bouch\u00e9s professionnels ce en fait une formation int\u00e9ressante pour ceux [&hellip;]","_links":{"self":[{"href":"https:\/\/www.giraud.louisst.o2switch.site\/blog\/wp-json\/wp\/v2\/pages\/34","targetHints":{"allow":["GET"]}}],"collection":[{"href":"https:\/\/www.giraud.louisst.o2switch.site\/blog\/wp-json\/wp\/v2\/pages"}],"about":[{"href":"https:\/\/www.giraud.louisst.o2switch.site\/blog\/wp-json\/wp\/v2\/types\/page"}],"author":[{"embeddable":true,"href":"https:\/\/www.giraud.louisst.o2switch.site\/blog\/wp-json\/wp\/v2\/users\/1"}],"replies":[{"embeddable":true,"href":"https:\/\/www.giraud.louisst.o2switch.site\/blog\/wp-json\/wp\/v2\/comments?post=34"}],"version-history":[{"count":8,"href":"https:\/\/www.giraud.louisst.o2switch.site\/blog\/wp-json\/wp\/v2\/pages\/34\/revisions"}],"predecessor-version":[{"id":204,"href":"https:\/\/www.giraud.louisst.o2switch.site\/blog\/wp-json\/wp\/v2\/pages\/34\/revisions\/204"}],"wp:attachment":[{"href":"https:\/\/www.giraud.louisst.o2switch.site\/blog\/wp-json\/wp\/v2\/media?parent=34"}],"curies":[{"name":"wp","href":"https:\/\/api.w.org\/{rel}","templated":true}]}}